7) to base 3.
0
What is -2 (base 7) in base 10?
-2
What is -c (base 16) in base 3?
-110
55 (base 6) to base 12
2b
Convert b5 (base 15) to base 8.
252
Convert 100 (base 2) to base 4.
10
-22 (base 12) to base 3
-222
What is 68 (base 13) in base 2?
1010110
-64 (base 9) to base 11
-53
-2 (base 10) to base 12
-2
Convert -4 (base 12) to base 8.
-4
-2 (base 3) to base 4
-2
Convert -32 (base 12) to base 8.
-46
Convert 3 (base 15) to base 13.
3
What is -122 (base 5) in base 8?
-45
6 (base 8) to base 14
6
11 (base 7) to base 15
8
What is 222 (base 3) in base 12?
22
0 (base 7) to base 4
0
151 (base 13) to base 14
12b
Convert 0 (base 8) to base 6.
0
-111 (base 3) to base 12
-11
7a (base 13) to base 2
1100101
-27 (base 11) to base 3
-1002
What is 2 (base 13) in base 14?
2
What is -66 (base 14) in base 4?
-1122
Convert 2 (base 14) to base 3.
2
-18 (base 14) to base 9
-24
What is -87 (base 12) in base 14?
-75
What is 7 (base 14) in base 2?
111
What is 2 (base 13) in base 10?
2
What is 4 (base 6) in base 14?
4
Convert -4 (base 6) to base 10.
-4
-e5 (base 15) to base 6
-555
-13 (base 9) to base 12
-10
Convert 12 (base 4) to base 9.
6
What is 42 (base 15) in base 14?
46
0 (base 4) to base 6
0
Convert -2 (base 6) to base 12.
-2
What is 0 (base 14) in base 5?
0
What is -e (base 15) in base 13?
-11
What is -eb (base 15) in base 10?
-221
-162 (base 13) to base 2
-11111001
Convert 21 (base 3) to base 13.
7
Convert 1 (base 11) to base 14.
1
What is 121 (base 6) in base 12?
41
-20 (base 6) to base 7
-15
Convert 6 (base 10) to base 2.
110
What is 11 (base 2) in base 4?
3
What is b (base 15) in base 9?
12
Convert -1020 (base 3) to base 12.
-29
Convert -102 (base 7) to base 16.
-33
-15 (base 12) to base 6
-25
Convert 3 (base 16) to base 2.
11
1 (base 11) to base 16
1
-4 (base 5) to base 2
-100
Convert -4 (base 9) to base 16.
-4
1 (base 13) to base 11
1
11 (base 12) to base 13
10
-234 (base 7) to base 9
-146
8 (base 15) to base 12
8
What is -110 (base 7) in base 10?
-56
Convert -20200 (base 3) to base 9.
-220
What is -1 (base 6) in base 11?
-1
42 (base 7) to base 10
30
What is -109 (base 11) in base 9?
-154
-111 (base 4) to base 14
-17
18 (base 11) to base 16
13
Convert -2001 (base 3) to base 10.
-55
20 (base 4) to base 2
1000
-12 (base 4) to base 7
-6
Convert 100100 (base 2) to base 13.
2a
1 (base 16) to base 5
1
What is 39 (base 11) in base 6?
110
-6 (base 11) to base 10
-6
What is -58 (base 9) in base 14?
-3b
2 (base 6) to base 2
10
What is -130 (base 5) in base 8?
-50
What is 101 (base 2) in base 15?
5
What is 1 (base 2) in base 8?
1
Convert -66 (base 8) to base 5.
-204
Convert 205 (base 7) to base 8.
147
Convert -3 (base 12) to base 7.
-3
Convert -24 (base 13) to base 10.
-30
Convert -21 (base 8) to base 16.
-11
-7 (base 12) to base 10
-7
b (base 14) to base 16
b
-4 (base 5) to base 9
-4
-2 (base 4) to base 16
-2
What is 3 (base 9) in base 11?
3
Convert -4 (base 14) to base 12.
-4
Convert -11 (base 8) to base 7.
-12
What is 7 (base 10) in base 2?
111
Convert 211 (base 3) to base 8.
26
Convert -132 (base 5) to base 14.
-30
-33 (base 6) to base 7
-30
Convert 59 (base 14) to base 2.
1001111
Convert 5 (base 14) to base 10.
5
-3 (base 16) to base 10
-3
Convert -2 (base 11) to base 9.
-2
-314 (base 6) to base 16
-76
Convert 7 (base 15) to base 2.
111
Convert -19 (base 11) to base 7.
-26
What is -2c (base 15) in base 4?
-222
-a (base 12) to base 4
-22
Convert 25 (base 7) to base 10.
19
What is 7 (base 13) in base 8?
7
43 (base 16) to base 10
67
Convert -11 (base 2) to base 16.
-3
What is 100100 (base 2) in base 6?
100
Convert -1 (base 11) to base 4.
-1
-12 (base 6) to base 16
-8
What is -1 (base 15) in base 9?
-1
Convert -1011 (base 2) to base 15.
-b
0 (base 3) to base 5
0
What is 3 (base 15) in base 11?
3
36 (base 15) to base 11
47
Convert 14 (base 11) to base 9.
16
Convert -1f (base 16) to base 11.
-29
What is -30 (base 6) in base 4?
-102
10 (base 8) to base 5
13
What is -b4 (base 15) in base 3?
-20021
4 (base 8) to base 6
4
Convert 45 (base 10) to base 9.
50
21 (base 9) to base 8
23
What is -3 (base 16) in base 3?
-10
Convert 11101 (base 2) to base 3.
1002
-1020 (base 3) to base 2
-100001
What is -3 (base 12) in base 13?
-3
What is -22 (base 3) in base 5?
-13
12102 (base 3) to base 13
b3
What is 1 (base 16) in base 7?
1
What is -120 (base 5) in base 4?
-203
Convert 1 (base 15) to base 5.
1
What is 23 (base 5) in base 3?
111
What is 5 (base 10) in base 14?
5
Convert -1231 (base 4) to base 16.
-6d
-1 (base 4) to base 16
-1
What is -4 (base 14) in base 6?
-4
Convert -3 (base 12) to base 9.
-3
Convert 14 (base 9) to base 4.
31
What is -5 (base 13) in base 6?
-5
Convert d (base 14) to base 10.
13
What is -4 (base 5) in base 15?
-4
0 (base 10) to base 8
0
Convert 11 (base 3) to base 12.
4
What is 4 (base 16) in base 2?
100
Convert 5 (base 9) to base 6.
5
9a (base 11) to base 14
7b
-1f (base 16) to base 11
-29
What is 212 (base 3) in base 12?
1b
Convert 22 (base 3) to base 14.
8
Convert -6c (base 14) to base 11.
-88
-5 (base 14) to base 2
-101
11100 (base 2) to base 9
31
-3 (base 9) to base 13
-3
What is -1b (base 16) in base 3?
-1000
What is -40 (base 7) in base 13?
-22
Convert 1a (base 11) to base 14.
17
Convert 2 (base 6) to base 9.
2
4 (base 13) to base 3
11
10010 (base 2) to base 3
200
-4 (base 8) to base 5
-4
Convert -46 (base 13) to base 6.
-134
What is -12 (base 3) in base 16?
-5
-3311 (base 4) to base 2
-11110101
What is -164 (base 14) in base 6?
-1152
13 (base 15) to base 5
33
Convert 1100 (base 2) to base 16.
c
Convert 7 (base 12) to base 8.
7
0 (base 11) to base 7
0
59 (base 16) to base 2
1011001
6 (base 7) to base 14
6
-29 (base 11) to base 8
-37
What is -21 (base 3) in base 5?
-12
What is 10 (base 8) in base 12?
8
What is 34 (base 15) in base 14?
37
What is 4a (base 14) in base 9?
73
What is 10 (base 11) in base 16?
b
What is -3 (base 8) in base 4?
-3
-ac (base 15) to base 4
-2202
2 (base 16) to base 4
2
What is 1 (base 8) in base 10?
1
-86 (base 13) to base 9
-132
9 (base 15) to base 13
9
21 (base 3) to base 14
7
Convert -125 (base 7) to base 13.
-53
-15 (base 9) to base 7
-20
-1302 (base 5) to base 14
-106
What is -63 (base 7) in base 11?
-41
What is 10 (base 13) in base 10?
13
-3 (base 5) to base 3
-10
Convert 200 (base 4) to base 15.
22
1 (base 7) to base 3
1
-161 (base 7) to base 14
-68
What is 2 (base 13) in base 6?
2
Convert -98 (base 14) to base 10.
-134
-1110 (base 2) to base 13
-11
What is -52 (base 9) in base 7?
-65
What is -1 (base 16) in base 15?
-1
100 (base 3) to base 5
14
Convert 0 (base 15) to base 5.
0
What is -182 (base 13) in base 12?
-1ab
4 (base 15) to base 2
100
-1 (base 14) to base 4
-1
-236 (base 7) to base 5
-1000
Convert -1111000 (base 2) to base 14.
-88
What is -9 (base 12) in base 6?
-13
2 (base 14) to base 13
2
What is -4 (base 16) in base 5?
-4
0 (base 15) to base 8
0
Convert -2 (base 4) to base 15.
-2
Convert -11 (base 13) to base 15.
-e
Convert 2 (base 13) to base 11.
2
Convert 201 (base 3) to base 14.
15
What is -3 (base 4) in base 11?
-3
-12 (base 3) to base 14
-5
Convert -100 (base 2) to base 16.
-4
Convert 1010 (base 2) to base 11.
a
1 (base 16) to base 3
1
What is -28 (base 14) in base 10?
-36
Convert 0 (base 11) to base 16.
0
What is -13 (base 4) in base 5?
-12
-11010110 (base 2) to base 4
-3112
Convert -1 (base 9) to base 8.
-1
Convert 10000 (base 3) to base 14.
5b
2 (base 10) to base 4
2
What is -7 (base 13) in base 5?
-12
-31 (base 11) to base 9
-37
35 (base 16) to base 10
53
-11 (base 9) to base 4
-22
Convert 11 (base 6) to base 5.
12
Convert -188 (base 9) to base 6.
-425
What is 32 (base 12) in base 2?
100110
Convert -1 (base 11) to base 8.
-1
1 (base 16) to base 5
1
Convert 37 (base 16) to base 7.
106
Convert -1 (base 11) to base 13.
-1
Convert 3 (base 11) to base 13.
3
-1 (base 14) to base 9
-1
-22 (base 4) to base 7
-13
Convert 11111001 (base 2) to base 14.
13b
Convert 11111 (base 2) to base 13.
25
-5 (base 7) to base 3
-12
-10 (base 11) to base 3
-102
What is 11011101 (base 2) in base 10?
221
-154 (base 6) to base 3
-2121
3 (base 11) to base 16
3
0 (base 10) to base 14
0
3 (base 15) to base 16
3
9 (base 11) to base 6
13
What is 2 (base 15) in base 5?
2
Convert -2 (base 9) to base 12.
-2
-28 (base 9) to base 7
-3